{"id":89100,"date":"2021-08-19T10:19:23","date_gmt":"2021-08-19T10:19:23","guid":{"rendered":"https:\/\/capitalcare.es\/equip\/"},"modified":"2025-06-16T13:40:34","modified_gmt":"2025-06-16T13:40:34","slug":"equip","status":"publish","type":"page","link":"https:\/\/capitalcare.es\/ca\/equip\/","title":{"rendered":"Equip"},"content":{"rendered":"<div class=\"wpb-content-wrapper\"><p>[vc_row row_height_percent=&#8221;100&#8243; back_image=&#8221;88548&#8243; parallax=&#8221;yes&#8221; kburns=&#8221;yes&#8221; overlay_color=&#8221;color-159012&#8243; overlay_alpha=&#8221;45&#8243; gutter_size=&#8221;3&#8243; column_width_percent=&#8221;100&#8243; shift_y=&#8221;0&#8243; z_index=&#8221;0&#8243; uncode_shortcode_id=&#8221;825499&#8243; overlay_color_type=&#8221;uncode-palette&#8221;][vc_column column_width_percent=&#8221;60&#8243; position_vertical=&#8221;middle&#8221; align_horizontal=&#8221;align_center&#8221; gutter_size=&#8221;1&#8243; style=&#8221;dark&#8221; overlay_alpha=&#8221;50&#8243; shift_x=&#8221;0&#8243; shift_y=&#8221;0&#8243; shift_y_down=&#8221;0&#8243; z_index=&#8221;0&#8243; medium_width=&#8221;0&#8243; mobile_width=&#8221;0&#8243; width=&#8221;1\/1&#8243; uncode_shortcode_id=&#8221;104944&#8243;][vc_custom_heading heading_semantic=&#8221;h1&#8243; text_font=&#8221;font-160670&#8243; text_size=&#8221;h3&#8243; text_weight=&#8221;600&#8243; text_height=&#8221;fontheight-357766&#8243; css_animation=&#8221;curtain&#8221; animation_delay=&#8221;800&#8243; mobile_visibility=&#8221;yes&#8221; uncode_shortcode_id=&#8221;850258&#8243;]CAPITALCARE[\/vc_custom_heading][vc_custom_heading heading_semantic=&#8221;h1&#8243; text_size=&#8221;fontsize-445851&#8243; text_weight=&#8221;500&#8243; text_height=&#8221;fontheight-357766&#8243; text_space=&#8221;fontspace-781688&#8243; css_animation=&#8221;curtain&#8221; animation_delay=&#8221;400&#8243; uncode_shortcode_id=&#8221;249960&#8243;]Equip[\/vc_custom_heading][vc_empty_space empty_h=&#8221;2&#8243;][vc_icon icon=&#8221;fa fa-arrow-down2&#8243; background_style=&#8221;fa-rounded&#8221; size=&#8221;fa-2x&#8221; icon_automatic=&#8221;yes&#8221; shadow=&#8221;yes&#8221; css_animation=&#8221;alpha-anim&#8221; animation_delay=&#8221;1200&#8243; link=&#8221;url:%23equipo|&#8221; uncode_shortcode_id=&#8221;979879&#8243;][\/vc_icon][\/vc_column][\/vc_row][vc_row row_height_percent=&#8221;0&#8243; override_padding=&#8221;yes&#8221; h_padding=&#8221;2&#8243; top_padding=&#8221;6&#8243; bottom_padding=&#8221;3&#8243; overlay_alpha=&#8221;100&#8243; gutter_size=&#8221;3&#8243; column_width_percent=&#8221;100&#8243; border_color=&#8221;color-gyho&#8221; border_style=&#8221;solid&#8221; shift_y=&#8221;0&#8243; z_index=&#8221;0&#8243; style=&#8221;inherited&#8221; css=&#8221;.vc_custom_1650551843254{border-bottom-width: 1px !important;}&#8221; uncode_shortcode_id=&#8221;708335&#8243; border_color_type=&#8221;uncode-palette&#8221; row_name=&#8221;equipo&#8221;][vc_column width=&#8221;1\/2&#8243;][vc_single_image media=&#8221;88375&#8243; media_width_percent=&#8221;100&#8243; media_ratio=&#8221;one-one&#8221; uncode_shortcode_id=&#8221;853227&#8243;][vc_custom_heading heading_semantic=&#8221;h3&#8243; text_size=&#8221;h3&#8243; uncode_shortcode_id=&#8221;212612&#8243; text_color_type=&#8221;uncode-palette&#8221; text_color_solid=&#8221;#ff0000&#8243; subheading=&#8221;&lt;b&gt;Soci&lt;\/b&gt;<\/p>\n<p>Amb 35 anys d&#039;experi\u00e8ncia als mercats financers, inicia la seva carrera professional al sector de la consultoria KPMG. El 1988, s&#039;incorpora a Caixa Pened\u00e8s desenvolupant diferents funcions directives; Director Financer i Director General del Grup Assegurador i de la Gestora de Fons d&#039;Inversi\u00f3 i Pensions. El 2001 passa a la Direcci\u00f3 Financera del Grup Caixa Pened\u00e8s, posteriorment ocupa la Direcci\u00f3 de Negoci i el 2011 \u00e9s nomenat Director General del Grup.<\/p>\n<p>El 2010 \u00e9s nomenat membre del Consell d&#039;Administraci\u00f3 del Banc BMN, de la seva Comissi\u00f3 Executiva i del Comit\u00e8 d&#039;Inversions, ostentant, a m\u00e9s, el c\u00e0rrec de subdirector general del Banc.<\/p>\n<p>Vinculat sempre als mercats financers ha estat president d&#039;un bon nombre de SICAVs, conseller de diverses societats de valors i borsa.<\/p>\n<p>Professor de Matem\u00e0tiques de les Operacions Financeres del 1989 al 2001 a la Universitat Internacional de Catalunya.<\/p>\n<p>El 2014 constitueix, juntament amb Xavier Bernal, CAPITAL CARE CONSULTING EAF SL. Societat d&#039;Asesoramiento Financer.<\/p>\n<p>\u00c9s Llicenciat en Ci\u00e8ncies Econ\u00f2miques i Empresarials pel FERT i la Universitat Nacional d&#039;Educaci\u00f3 a Dist\u00e0ncia. Ha desenvolupat diversos estudis d&#039;especialitzaci\u00f3 en assegurances i mercats financers.&#8221;]Juan Caellas[\/vc_custom_heading][\/vc_column][vc_column width=&#8221;1\/2&#8243;][vc_single_image media=&#8221;88751&#8243; media_width_percent=&#8221;100&#8243; media_ratio=&#8221;one-one&#8221; uncode_shortcode_id=&#8221;251197&#8243;][vc_custom_heading heading_semantic=&#8221;h3&#8243; text_size=&#8221;h3&#8243; uncode_shortcode_id=&#8221;458494&#8243; text_color_type=&#8221;uncode-palette&#8221; text_color_solid=&#8221;#ff0000&#8243; subheading=&#8221;&lt;b&gt;Soci&lt;\/b&gt;<\/p>\n<p>Amb m\u00e9s de 30 anys d&#039;experi\u00e8ncia als mercats financers, inicia la seva carrera professional en una ag\u00e8ncia de valors com Analista Financiero. Posteriorment, s&#039;incorpora a Swis Insurance on va treballar com a responsable de tresoreria durant 3 anys i 5 anys m\u00e9s a la multinacional asseguradora The Hartford com a responsable de tresoreria i inversions. A l&#039;americana Liberty Seguros dirigeix l&#039;\u00e0rea de gesti\u00f3 d&#039;inversions i posteriorment l&#039;\u00e0rea de fusions i adquisicions de la companyia a nivell europeu.<\/p>\n<p>El 2002 s&#039;incorpora Caixa Pened\u00e8s com a Director de les Gestores de Fons d&#039;Inversi\u00f3 i Pensions i posteriorment lidera l&#039;\u00e0rea de M\u00e0rqueting i Negoci de l&#039;Entitat.<\/p>\n<p>Despr\u00e9s de participar a la fusi\u00f3 de Banco BMN i fitxar per Banc Sabadell, el 2013 crea, juntament amb Joan Caellas, CAPITAL CARE CONSULTING EAF SL.<\/p>\n<p>Des del 2015 col\u00b7labora amb la Fundaci\u00f3 Roure, inicialment com a voluntari i posteriorment, tamb\u00e9, formant part del seu Patronat.<\/p>\n<p>\u00c9s Llicenciat en Ci\u00e8ncies Econ\u00f2miques i Empresarials per la Universitat de Barcelona i t\u00e9 un M\u00e0ster en Finances per l&#039;Institut d&#039;Estudis Financers (IEF) i l&#039;acreditaci\u00f3 d&#039;European Financial Analist (EFA).&#8221;]Xavier Bernal[\/vc_custom_heading][\/vc_column][\/vc_row][vc_row row_height_percent=&#8221;0&#8243; override_padding=&#8221;yes&#8221; h_padding=&#8221;2&#8243; top_padding=&#8221;2&#8243; bottom_padding=&#8221;5&#8243; back_color=&#8221;color-lxmt&#8221; overlay_alpha=&#8221;100&#8243; gutter_size=&#8221;3&#8243; column_width_percent=&#8221;100&#8243; border_color=&#8221;color-gyho&#8221; border_style=&#8221;solid&#8221; shift_y=&#8221;0&#8243; z_index=&#8221;0&#8243; style=&#8221;inherited&#8221; uncode_shortcode_id=&#8221;535255&#8243; border_color_type=&#8221;uncode-palette&#8221; back_color_type=&#8221;uncode-palette&#8221;][vc_column width=&#8221;1\/2&#8243;][vc_single_image media=&#8221;88380&#8243; media_width_percent=&#8221;100&#8243; media_ratio=&#8221;three-four&#8221; uncode_shortcode_id=&#8221;309674&#8243;][vc_custom_heading heading_semantic=&#8221;h3&#8243; text_size=&#8221;h3&#8243; uncode_shortcode_id=&#8221;402855&#8243; text_color_type=&#8221;uncode-palette&#8221; text_color_solid=&#8221;#ff0000&#8243; subheading=&#8221;&lt;b&gt;Associada de la Catalunya Central&lt;\/b&gt;<\/p>\n<p>Es va unir a Capital Care el 2020.<\/p>\n<p>Experi\u00e8ncia des de l&#039;any 2000 al sector financer, va exercir durant 15 anys de Directora a Oficines Banc\u00e0ries. Va combinar la professi\u00f3 amb la doc\u00e8ncia en formaci\u00f3 de Productes Financers.<\/p>\n<p>Licenciada en econom\u00eda por la Universidad de Barcelona. Ha realizado varios cursos en Fiscalidad de Productos de Inversi\u00f3n, An\u00e1lisis Financiero y Gesti\u00f3n de Patrimonio. &#8220;]Karen Vega[\/vc_custom_heading][\/vc_column][vc_column width=&#8221;1\/2&#8243;][vc_single_image media=&#8221;88384&#8243; media_width_percent=&#8221;100&#8243; media_ratio=&#8221;three-four&#8221; uncode_shortcode_id=&#8221;307087&#8243;][vc_custom_heading heading_semantic=&#8221;h3&#8243; text_size=&#8221;h3&#8243; uncode_shortcode_id=&#8221;180255&#8243; text_color_type=&#8221;uncode-palette&#8221; text_color_solid=&#8221;#ff0000&#8243; subheading=&#8221;&lt;b&gt;Associat de la Catalunya Central&lt;\/b&gt;<\/p>\n<p>Es va unir a Capital Care el 2020.<\/p>\n<p>T\u00e9 experi\u00e8ncia al sector financer des del 2004.<\/p>\n<p>Diplomat en Ci\u00e8ncies Empresarials. M\u00e0ster en Direcci\u00f3 Financera i Control de Gesti\u00f3 (EAE).<\/p>\n<p>Certificat per EFPA Espanya amb la certificaci\u00f3 d&#039;EFA (European Financial Advisor) amb n\u00famero associat: 18350.<br \/>\nHa realitzat formaci\u00f3 espec\u00edfica financer-fiscal i en mercats financers.&#8221;]Ramon Fius[\/vc_custom_heading][\/vc_column][\/vc_row][vc_row][vc_column width=&#8221;1\/2&#8243;][vc_single_image media=&#8221;89193&#8243; media_width_percent=&#8221;100&#8243; media_ratio=&#8221;three-four&#8221; uncode_shortcode_id=&#8221;126750&#8243;][vc_custom_heading heading_semantic=&#8221;h3&#8243; text_size=&#8221;h3&#8243; uncode_shortcode_id=&#8221;123768&#8243; text_color_type=&#8221;uncode-palette&#8221; text_color_solid=&#8221;#ff0000&#8243; subheading=&#8221;&lt;b&gt;Departament de comptabilitat i compliance&lt;\/b&gt;<\/p>\n<p>Es va unir a Capital Care el juny de 2023.<\/p>\n<p>Responsable dAdministraci\u00f3 i Compliance.<br \/>\nActualment es troba cursant el grau de Business Management a CESINE Centre Universitari, adscrit a London Metropolitan University.&#8221;]Eric Vargas[\/vc_custom_heading][\/vc_column][vc_column width=&#8221;1\/2&#8243;][vc_single_image media=&#8221;89196&#8243; media_width_percent=&#8221;100&#8243; media_ratio=&#8221;three-four&#8221; uncode_shortcode_id=&#8221;122000&#8243;][vc_custom_heading heading_semantic=&#8221;h3&#8243; text_size=&#8221;h3&#8243; uncode_shortcode_id=&#8221;434291&#8243; text_color_type=&#8221;uncode-palette&#8221; text_color_solid=&#8221;#ff0000&#8243; subheading=&#8221;&lt;b&gt;An\u00e0lisi Financera&lt;\/b&gt;<\/p>\n<p>Es va unir a Capital Care al setembre de 2023.<\/p>\n<p>An\u00e0lisi de productes financers, inversions, mercats i disseny de carteres. Seguiment i control de les carteres dels clients.<br \/>\nGraduat en Dret i Administraci\u00f3 i Direcci\u00f3 d&#039;Empreses (UAB) &#8220;]Joel Martinez[\/vc_custom_heading][\/vc_column][\/vc_row][vc_row row_height_percent=&#8221;0&#8243; override_padding=&#8221;yes&#8221; h_padding=&#8221;2&#8243; top_padding=&#8221;2&#8243; bottom_padding=&#8221;5&#8243; back_color=&#8221;color-lxmt&#8221; overlay_alpha=&#8221;100&#8243; gutter_size=&#8221;3&#8243; column_width_percent=&#8221;100&#8243; border_color=&#8221;color-gyho&#8221; border_style=&#8221;solid&#8221; shift_y=&#8221;0&#8243; z_index=&#8221;0&#8243; style=&#8221;inherited&#8221; uncode_shortcode_id=&#8221;535255&#8243; border_color_type=&#8221;uncode-palette&#8221; back_color_type=&#8221;uncode-palette&#8221;][vc_column width=&#8221;1\/2&#8243;][vc_single_image media=&#8221;89199&#8243; media_width_percent=&#8221;100&#8243; media_ratio=&#8221;three-four&#8221; uncode_shortcode_id=&#8221;195193&#8243;][vc_custom_heading heading_semantic=&#8221;h3&#8243; text_size=&#8221;h3&#8243; uncode_shortcode_id=&#8221;559900&#8243; subheading=&#8221;&lt;b&gt;Administraci\u00f3 i relaci\u00f3 amb entitats financeres&lt;\/b&gt;&#8221;]Adriana Montiel[\/vc_custom_heading][\/vc_column][vc_column width=&#8221;1\/2&#8243;][\/vc_column][\/vc_row]<\/p>\n<\/div>","protected":false},"excerpt":{"rendered":"<p>[vc_row row_height_percent=&#8221;100&#8243; back_image=&#8221;88548&#8243; parallax=&#8221;yes&#8221; kburns=&#8221;yes&#8221; overlay_color=&#8221;color-159012&#8243; overlay_alpha=&#8221;45&#8243; gutter_size=&#8221;3&#8243; column_width_percent=&#8221;100&#8243; shift_y=&#8221;0&#8243; z_index=&#8221;0&#8243; uncode_shortcode_id=&#8221;825499&#8243; overlay_color_type=&#8221;uncode-palette&#8221;][vc_column column_width_percent=&#8221;60&#8243; position_vertical=&#8221;middle&#8221; align_horizontal=&#8221;align_center&#8221; gutter_size=&#8221;1&#8243; style=&#8221;dark&#8221; overlay_alpha=&#8221;50&#8243; shift_x=&#8221;0&#8243; [&hellip;]<\/p>\n","protected":false},"author":1,"featured_media":0,"parent":0,"menu_order":0,"comment_status":"closed","ping_status":"closed","template":"","meta":{"footnotes":""},"class_list":["post-89100","page","type-page","status-publish","hentry"],"_links":{"self":[{"href":"https:\/\/capitalcare.es\/ca\/wp-json\/wp\/v2\/pages\/89100","targetHints":{"allow":["GET"]}}],"collection":[{"href":"https:\/\/capitalcare.es\/ca\/wp-json\/wp\/v2\/pages"}],"about":[{"href":"https:\/\/capitalcare.es\/ca\/wp-json\/wp\/v2\/types\/page"}],"author":[{"embeddable":true,"href":"https:\/\/capitalcare.es\/ca\/wp-json\/wp\/v2\/users\/1"}],"replies":[{"embeddable":true,"href":"https:\/\/capitalcare.es\/ca\/wp-json\/wp\/v2\/comments?post=89100"}],"version-history":[{"count":14,"href":"https:\/\/capitalcare.es\/ca\/wp-json\/wp\/v2\/pages\/89100\/revisions"}],"predecessor-version":[{"id":89297,"href":"https:\/\/capitalcare.es\/ca\/wp-json\/wp\/v2\/pages\/89100\/revisions\/89297"}],"wp:attachment":[{"href":"https:\/\/capitalcare.es\/ca\/wp-json\/wp\/v2\/media?parent=89100"}],"curies":[{"name":"wp","href":"https:\/\/api.w.org\/{rel}","templated":true}]}}

<div class="wpb-content-wrapper"><p>[vc_row row_height_percent=&#8221;100&#8243; back_image=&#8221;88548&#8243; parallax=&#8221;yes&#8221; kburns=&#8221;yes&#8221; overlay_color=&#8221;color-159012&#8243; overlay_alpha=&#8221;45&#8243; gutter_size=&#8221;3&#8243; column_width_percent=&#8221;100&#8243; shift_y=&#8221;0&#8243; z_index=&#8221;0&#8243; uncode_shortcode_id=&#8221;825499&#8243; overlay_color_type=&#8221;uncode-palette&#8221;][vc_column column_width_percent=&#8221;60&#8243; position_vertical=&#8221;middle&#8221; align_horizontal=&#8221;align_center&#8221; gutter_size=&#8221;1&#8243; style=&#8221;dark&#8221; overlay_alpha=&#8221;50&#8243; shift_x=&#8221;0&#8243; shift_y=&#8221;0&#8243; shift_y_down=&#8221;0&#8243; z_index=&#8221;0&#8243; medium_width=&#8221;0&#8243; mobile_width=&#8221;0&#8243; width=&#8221;1/1&#8243; uncode_shortcode_id=&#8221;104944&#8243;][vc_custom_heading heading_semantic=&#8221;h1&#8243; text_font=&#8221;font-160670&#8243; text_size=&#8221;h3&#8243; text_weight=&#8221;600&#8243; text_height=&#8221;fontheight-357766&#8243; css_animation=&#8221;curtain&#8221; animation_delay=&#8221;800&#8243; mobile_visibility=&#8221;yes&#8221; uncode_shortcode_id=&#8221;850258&#8243;]CAPITALCARE[/vc_custom_heading][vc_custom_heading heading_semantic=&#8221;h1&#8243; text_size=&#8221;fontsize-445851&#8243; text_weight=&#8221;500&#8243; text_height=&#8221;fontheight-357766&#8243; text_space=&#8221;fontspace-781688&#8243; css_animation=&#8221;curtain&#8221; animation_delay=&#8221;400&#8243; uncode_shortcode_id=&#8221;249960&#8243;]Equip[/vc_custom_heading][vc_empty_space empty_h=&#8221;2&#8243;][vc_icon icon=&#8221;fa fa-arrow-down2&#8243; background_style=&#8221;fa-rounded&#8221; size=&#8221;fa-2x&#8221; icon_automatic=&#8221;yes&#8221; shadow=&#8221;yes&#8221; css_animation=&#8221;alpha-anim&#8221; animation_delay=&#8221;1200&#8243; link=&#8221;url:%23equipo|&#8221; uncode_shortcode_id=&#8221;979879&#8243;][/vc_icon][/vc_column][/vc_row][vc_row row_height_percent=&#8221;0&#8243; override_padding=&#8221;yes&#8221; h_padding=&#8221;2&#8243; top_padding=&#8221;6&#8243; bottom_padding=&#8221;3&#8243; overlay_alpha=&#8221;100&#8243; gutter_size=&#8221;3&#8243; column_width_percent=&#8221;100&#8243; border_color=&#8221;color-gyho&#8221; border_style=&#8221;solid&#8221; shift_y=&#8221;0&#8243; z_index=&#8221;0&#8243; style=&#8221;inherited&#8221; css=&#8221;.vc_custom_1650551843254{border-bottom-width: 1px !important;}&#8221; uncode_shortcode_id=&#8221;708335&#8243; border_color_type=&#8221;uncode-palette&#8221; row_name=&#8221;equipo&#8221;][vc_column width=&#8221;1/2&#8243;][vc_single_image media=&#8221;88375&#8243; media_width_percent=&#8221;100&#8243; media_ratio=&#8221;one-one&#8221; uncode_shortcode_id=&#8221;853227&#8243;][vc_custom_heading heading_semantic=&#8221;h3&#8243; text_size=&#8221;h3&#8243; uncode_shortcode_id=&#8221;212612&#8243; text_color_type=&#8221;uncode-palette&#8221; text_color_solid=&#8221;#ff0000&#8243; subheading=&#8221;&lt;b&gt;Soci&lt;/b&gt;</p>
<p>Amb 35 anys d&#039;experiència als mercats financers, inicia la seva carrera professional al sector de la consultoria KPMG. El 1988, s&#039;incorpora a Caixa Penedès desenvolupant diferents funcions directives; Director Financer i Director General del Grup Assegurador i de la Gestora de Fons d&#039;Inversió i Pensions. El 2001 passa a la Direcció Financera del Grup Caixa Penedès, posteriorment ocupa la Direcció de Negoci i el 2011 és nomenat Director General del Grup.</p>
<p>El 2010 és nomenat membre del Consell d&#039;Administració del Banc BMN, de la seva Comissió Executiva i del Comitè d&#039;Inversions, ostentant, a més, el càrrec de subdirector general del Banc.</p>
<p>Vinculat sempre als mercats financers ha estat president d&#039;un bon nombre de SICAVs, conseller de diverses societats de valors i borsa.</p>
<p>Professor de Matemàtiques de les Operacions Financeres del 1989 al 2001 a la Universitat Internacional de Catalunya.</p>
<p>El 2014 constitueix, juntament amb Xavier Bernal, CAPITAL CARE CONSULTING EAF SL. Societat d&#039;Asesoramiento Financer.</p>
<p>És Llicenciat en Ciències Econòmiques i Empresarials pel FERT i la Universitat Nacional d&#039;Educació a Distància. Ha desenvolupat diversos estudis d&#039;especialització en assegurances i mercats financers.&#8221;]Juan Caellas[/vc_custom_heading][/vc_column][vc_column width=&#8221;1/2&#8243;][vc_single_image media=&#8221;88751&#8243; media_width_percent=&#8221;100&#8243; media_ratio=&#8221;one-one&#8221; uncode_shortcode_id=&#8221;251197&#8243;][vc_custom_heading heading_semantic=&#8221;h3&#8243; text_size=&#8221;h3&#8243; uncode_shortcode_id=&#8221;458494&#8243; text_color_type=&#8221;uncode-palette&#8221; text_color_solid=&#8221;#ff0000&#8243; subheading=&#8221;&lt;b&gt;Soci&lt;/b&gt;</p>
<p>Amb més de 30 anys d&#039;experiència als mercats financers, inicia la seva carrera professional en una agència de valors com Analista Financiero. Posteriorment, s&#039;incorpora a Swis Insurance on va treballar com a responsable de tresoreria durant 3 anys i 5 anys més a la multinacional asseguradora The Hartford com a responsable de tresoreria i inversions. A l&#039;americana Liberty Seguros dirigeix l&#039;àrea de gestió d&#039;inversions i posteriorment l&#039;àrea de fusions i adquisicions de la companyia a nivell europeu.</p>
<p>El 2002 s&#039;incorpora Caixa Penedès com a Director de les Gestores de Fons d&#039;Inversió i Pensions i posteriorment lidera l&#039;àrea de Màrqueting i Negoci de l&#039;Entitat.</p>
<p>Després de participar a la fusió de Banco BMN i fitxar per Banc Sabadell, el 2013 crea, juntament amb Joan Caellas, CAPITAL CARE CONSULTING EAF SL.</p>
<p>Des del 2015 col·labora amb la Fundació Roure, inicialment com a voluntari i posteriorment, també, formant part del seu Patronat.</p>
<p>És Llicenciat en Ciències Econòmiques i Empresarials per la Universitat de Barcelona i té un Màster en Finances per l&#039;Institut d&#039;Estudis Financers (IEF) i l&#039;acreditació d&#039;European Financial Analist (EFA).&#8221;]Xavier Bernal[/vc_custom_heading][/vc_column][/vc_row][vc_row row_height_percent=&#8221;0&#8243; override_padding=&#8221;yes&#8221; h_padding=&#8221;2&#8243; top_padding=&#8221;2&#8243; bottom_padding=&#8221;5&#8243; back_color=&#8221;color-lxmt&#8221; overlay_alpha=&#8221;100&#8243; gutter_size=&#8221;3&#8243; column_width_percent=&#8221;100&#8243; border_color=&#8221;color-gyho&#8221; border_style=&#8221;solid&#8221; shift_y=&#8221;0&#8243; z_index=&#8221;0&#8243; style=&#8221;inherited&#8221; uncode_shortcode_id=&#8221;535255&#8243; border_color_type=&#8221;uncode-palette&#8221; back_color_type=&#8221;uncode-palette&#8221;][vc_column width=&#8221;1/2&#8243;][vc_single_image media=&#8221;88380&#8243; media_width_percent=&#8221;100&#8243; media_ratio=&#8221;three-four&#8221; uncode_shortcode_id=&#8221;309674&#8243;][vc_custom_heading heading_semantic=&#8221;h3&#8243; text_size=&#8221;h3&#8243; uncode_shortcode_id=&#8221;402855&#8243; text_color_type=&#8221;uncode-palette&#8221; text_color_solid=&#8221;#ff0000&#8243; subheading=&#8221;&lt;b&gt;Associada de la Catalunya Central&lt;/b&gt;</p>
<p>Es va unir a Capital Care el 2020.</p>
<p>Experiència des de l&#039;any 2000 al sector financer, va exercir durant 15 anys de Directora a Oficines Bancàries. Va combinar la professió amb la docència en formació de Productes Financers.</p>
<p>Licenciada en economía por la Universidad de Barcelona. Ha realizado varios cursos en Fiscalidad de Productos de Inversión, Análisis Financiero y Gestión de Patrimonio. &#8220;]Karen Vega[/vc_custom_heading][/vc_column][vc_column width=&#8221;1/2&#8243;][vc_single_image media=&#8221;88384&#8243; media_width_percent=&#8221;100&#8243; media_ratio=&#8221;three-four&#8221; uncode_shortcode_id=&#8221;307087&#8243;][vc_custom_heading heading_semantic=&#8221;h3&#8243; text_size=&#8221;h3&#8243; uncode_shortcode_id=&#8221;180255&#8243; text_color_type=&#8221;uncode-palette&#8221; text_color_solid=&#8221;#ff0000&#8243; subheading=&#8221;&lt;b&gt;Associat de la Catalunya Central&lt;/b&gt;</p>
<p>Es va unir a Capital Care el 2020.</p>
<p>Té experiència al sector financer des del 2004.</p>
<p>Diplomat en Ciències Empresarials. Màster en Direcció Financera i Control de Gestió (EAE).</p>
<p>Certificat per EFPA Espanya amb la certificació d&#039;EFA (European Financial Advisor) amb número associat: 18350.<br />
Ha realitzat formació específica financer-fiscal i en mercats financers.&#8221;]Ramon Fius[/vc_custom_heading][/vc_column][/vc_row][vc_row][vc_column width=&#8221;1/2&#8243;][vc_single_image media=&#8221;89193&#8243; media_width_percent=&#8221;100&#8243; media_ratio=&#8221;three-four&#8221; uncode_shortcode_id=&#8221;126750&#8243;][vc_custom_heading heading_semantic=&#8221;h3&#8243; text_size=&#8221;h3&#8243; uncode_shortcode_id=&#8221;123768&#8243; text_color_type=&#8221;uncode-palette&#8221; text_color_solid=&#8221;#ff0000&#8243; subheading=&#8221;&lt;b&gt;Departament de comptabilitat i compliance&lt;/b&gt;</p>
<p>Es va unir a Capital Care el juny de 2023.</p>
<p>Responsable dAdministració i Compliance.<br />
Actualment es troba cursant el grau de Business Management a CESINE Centre Universitari, adscrit a London Metropolitan University.&#8221;]Eric Vargas[/vc_custom_heading][/vc_column][vc_column width=&#8221;1/2&#8243;][vc_single_image media=&#8221;89196&#8243; media_width_percent=&#8221;100&#8243; media_ratio=&#8221;three-four&#8221; uncode_shortcode_id=&#8221;122000&#8243;][vc_custom_heading heading_semantic=&#8221;h3&#8243; text_size=&#8221;h3&#8243; uncode_shortcode_id=&#8221;434291&#8243; text_color_type=&#8221;uncode-palette&#8221; text_color_solid=&#8221;#ff0000&#8243; subheading=&#8221;&lt;b&gt;Anàlisi Financera&lt;/b&gt;</p>
<p>Es va unir a Capital Care al setembre de 2023.</p>
<p>Anàlisi de productes financers, inversions, mercats i disseny de carteres. Seguiment i control de les carteres dels clients.<br />
Graduat en Dret i Administració i Direcció d&#039;Empreses (UAB) &#8220;]Joel Martinez[/vc_custom_heading][/vc_column][/vc_row][vc_row row_height_percent=&#8221;0&#8243; override_padding=&#8221;yes&#8221; h_padding=&#8221;2&#8243; top_padding=&#8221;2&#8243; bottom_padding=&#8221;5&#8243; back_color=&#8221;color-lxmt&#8221; overlay_alpha=&#8221;100&#8243; gutter_size=&#8221;3&#8243; column_width_percent=&#8221;100&#8243; border_color=&#8221;color-gyho&#8221; border_style=&#8221;solid&#8221; shift_y=&#8221;0&#8243; z_index=&#8221;0&#8243; style=&#8221;inherited&#8221; uncode_shortcode_id=&#8221;535255&#8243; border_color_type=&#8221;uncode-palette&#8221; back_color_type=&#8221;uncode-palette&#8221;][vc_column width=&#8221;1/2&#8243;][vc_single_image media=&#8221;89199&#8243; media_width_percent=&#8221;100&#8243; media_ratio=&#8221;three-four&#8221; uncode_shortcode_id=&#8221;195193&#8243;][vc_custom_heading heading_semantic=&#8221;h3&#8243; text_size=&#8221;h3&#8243; uncode_shortcode_id=&#8221;559900&#8243; subheading=&#8221;&lt;b&gt;Administració i relació amb entitats financeres&lt;/b&gt;&#8221;]Adriana Montiel[/vc_custom_heading][/vc_column][vc_column width=&#8221;1/2&#8243;][/vc_column][/vc_row]</p>
</div>
